 - 4*b. Let w be p(4). Let d(l) = -l + 18. Let v be d(18). Suppose k - 7 - 17 = v. What is the greatest common factor of k and w?
24
Let t = -33 - -53. Let y = 24 - t. Calculate the greatest common divisor of 20 and y.
4
Let u(j) be the third derivative of j**6/60 - j**5/20 - j**4/12 + 3*j**2. Let c be u(3). What is the greatest common factor of 14 and c?
7
Suppose -2*l = 11 - 15. Suppose -24 = k - l*k. Calculate the highest common factor of k and 8.
8
Let h be (-6)/45 - (-4782)/90. Let i be h - (0 - 2/1). What is the highest common divisor of i and 22?
11
Suppose -s = -3*s - 2. Let d be (28/16)/(s/(-4)). Let q be (-72)/(((-28)/8)/d). Calculate the highest common factor of q and 16.
16
Let y be ((-60)/(-48))/((5/(-12))/(-5)). What is the greatest common factor of y and 60?
15
Let o(l) = -l**3 + 11*l**2 - 20*l + 6. Let h be o(8). Calculate the highest common factor of h and 95.
19
Suppose 0 = -0*u + 3*u - b, 3*u - 2*b = 0. Let h = u + 100. What is the greatest common divisor of h and 10?
10
Let y = 107 + -95. Let k be (-2)/6 + 3124/y. What is the highest common factor of 104 and k?
52
Suppose 4*t - 159 = 41. Suppose -3*g - 2*g = -t. Suppose 3*a + a = 320. What is the highest common divisor of g and a?
10
Let p = -14 + 5. Let i = p - 0. Let f be (-646)/i - 8/(-36). What is the greatest common factor of f and 24?
24
Let n(w) = 3*w**2 + 10*w - 3. Let l be n(-5). What is the highest common factor of l and 88?
22
Let m = 238 - 40. Suppose -z + 190 = z. Suppose 5*u - 5*y = z, -6*y - 58 = -3*u - 2*y. Calculate the greatest common factor of m and u.
18
Let i(d) = -2*d**3 + 6*d**2 - 5*d - 3. Let y be -2*(-4 + (17/2 - 3)). Let v be i(y). Calculate the highest common divisor of 8 and v.
8
Suppose 2*d - 4*t - 543 = 85, 5*t = 5*d - 1585. Calculate the greatest common factor of d and 10.
10
Let k be (-716)/(-20) + 2/10. Let f(l) = -l**2 - 5*l + 12. Let b be f(-5). Calculate the greatest common factor of b and k.
12
Let v = 56 - 32. Let n(b) = -b**2 - 18*b - 17. Suppose -o = -6*o - 55. Let q be n(o). What is the greatest common factor of v and q?
12
Let c be (-8)/6*(-18)/4. Let f be ((-2)/(-4))/(1/c). Suppose f*p - 2*p = a + 137, -3*p + 2*a = -414. Calculate the highest common factor of 28 and p.
28
Suppose 3*q = 3 + 12, -97 = -4*l + 3*q. Let z = l + -9. Let m = 29 - z. Calculate the highest common divisor of 15 and m.
5
Suppose -2*g - 108 = -5*g. Let r be g + (-1)/((-2)/(-8)). Calculate the greatest common divisor of r and 4.
4
Let q(k) = 2*k**2 + 6*k + 1. Let f be q(-3). Let d be (-8)/(-40)*f*185. Calculate the highest common factor of 370 and d.
37
Let a(y) = -y**3 + 5*y**2 + 3*y + 2. Let w be a(5). Suppose -20*f - 576 = -w*f. Let l = -104 - f. Calculate the greatest common factor of 8 and l.
8
Suppose 2*k - 4*x = 246, -11*x = -5*k - 8*x + 587. Calculate the greatest common divisor of 46 and k.
23
Suppose 7*h + 89 - 257 = 0. Suppose 3*b - b = -3*x + 1, 4*x - 3*b = h. Calculate the highest common divisor of x and 3.
3
Let h = -252 + 268. What is the highest common divisor of h and 656?
16
Let i be 6/(516/72 + -7). What is the highest common divisor of i and 804?
12
Let b(p) = -p**3 - 6*p**2 + 5*p - 9. Let n be b(-7). Suppose n*a - 396 = a. Calculate the highest common divisor of a and 9.
9
Suppose j + 47 - 7 = 0. Let k be 816/j - 3/5. Let a = k + 39. What is the highest common divisor of a and 27?
9
Let q be (6/5)/((-12)/(-30)). Suppose 4*s = -g + q - 19, -9 = -s + 3*g. Let t be (0 - -4)/(s/(-3)). Calculate the greatest common divisor of t and 12.
4
Suppose 0 = j + 4*j - 90. Let p(z) = -z + 12. Let t be p(7). Suppose 0 = -2*d - 5*o + 44, t*o + 18 = 3*d + 2. Calculate the highest common factor of d and j.
6
Suppose 3*t = -3*t + 156. Suppose -q + 35 = 4*r + 4, 2*q - 84 = 3*r. What is the highest common divisor of t and q?
13
Let t = 347 - -45. Suppose 12*v - 5*v - t = 0. Suppose -2*o + v = d, -3*d + o + 192 = -o. Calculate the highest common divisor of d and 31.
31
Suppose 3*m = -2*p - 2*m + 61, 0 = -3*p + 5*m + 29. Suppose p*w - 21*w + 30 = 0. Calculate the greatest common factor of w and 50.
10
Suppose -75 = -5*m - 2*h, -3*m + 14 = -4*h - 31. Suppose m = 4*b - 9. Suppose -2*z = -b - 0. What is the greatest common factor of z and 2?
1
Let k = 28 - 23. Let c be (-3 + 2 - 1) + k. Calculate the highest common factor of c and 24.
3
Let z = 5 - 2. Suppose -z*s + v = -2*v, -4*v + 8 = -2*s. Let y be (-50)/s*48/(-40). What is the greatest common factor of y and 105?
15
Let n = 24 - 0. Suppose h - 4*h - n = 0. Let z be (10 + h)*(0 - -4). Calculate the highest common factor of z and 1.
1
Let v(a) = a**2 - 8*a - 1. Let f be v(7). Suppose 4*z + 5*z - 54 = 0. Let p be (z/f)/(13/(-156)). Calculate the greatest common divisor of p and 1.
1
Let t(k) = -43*k + 149. Let v be t(3). Suppose 4*d = -d + 50. What is the greatest common factor of v and d?
10
Suppose 53*o - 54*o = -25. Calculate the highest common factor of 2025 and o.
25
Let i(m) = -2*m + 5. Let l be i(-7). Suppose -r + f = -2*f + 12, -f = -r - 4. Suppose r*a + 19 = a. Calculate the greatest common divisor of l and a.
19
Let q = -8 + 11. Let a = 7 - q. Suppose 5*m = -5*g - 0*m + 5, -m = a. Calculate the greatest common divisor of g and 15.
5
Suppose 5*a - 10*a + 20 = 0. Suppose 0 = -r + a*r - 87. Let s = -17 + r. What is the highest common divisor of 3 and s?
3
Let x be (-36)/(-2 - 0) - 2. Suppose 4*u - 2*u = 662. Let q = u + -155. What is the greatest common divisor of q and x?
16
Let d be 20/(-10) - -11*1. What is the highest common factor of d and 2?
1
Suppose 25*l - 20*l = -f + 249, 5*f + 3*l - 1179 = 0. What is the highest common divisor of f and 39?
39
Let x(q) = -q + 18. Let u be 33/12*2*2. Let g be x(u). Calculate the greatest common factor of g and 63.
7
Suppose -c - 28 = c. Let l be 12/21 - 146/c. What is the highest common factor of l and 44?
11
Let v(f) = 25*f + 352. Let j be v(-14). Calculate the greatest common factor of j and 16.
2
Suppose 5*v - 22 - 3 = 0. Let x(i) = -i**3 + 6*i**2 - 3*i - 4. Let s be x(v). Suppose -r - 40 = -s*r. What is the greatest common factor of r and 12?
4
Let m(o) = 11*o**3 - 7*o**2 - 20*o + 46. Let w be m(7). What is the greatest common factor of 24 and w?
24
Suppose -39*r + 43*r - 40 = 0. What is the highest common divisor of r and 16?
2
Let k(v) = 2*v - 11. Let w be k(11). Let b = 331 + -232. Calculate the greatest common factor of w and b.
11
Let o = 19 - 17. Suppose 12 = d + v, o*v = -d + 7*v - 12. Let q = d - 6. Calculate the greatest common divisor of q and 18.
2
Let d(y) = y**2 - 9*y - 13. Let m be d(11). Suppose 0 = 7*z - 117 - 72. Calculate the highest common divisor of m and z.
9
Let m = -116 + 121. Let h(s) = -s**3 - 12*s**2 - 11*s + 10. Let v be h(-11). Calculate the highest common factor of m and v.
5
Let p = 13 + 23. Suppose -5*i + p = -2*a, -2*a - 13 = -a - 5*i. Let m = a - -36. What is the greatest common factor of 52 and m?
13
Let b be ((-300)/24 - -2)*152/(-2). Calculate the greatest common divisor of b and 84.
42
Let g be -120*((-144)/20)/3. Suppose 5*c - 14*c = -g. Calculate the highest common divisor of 48 and c.
16
Let r(g) = 96*g - 2. Let h be r(2). Calculate the highest common factor of 38 and h.
38
Let u = -284 - -293. What is the greatest common factor of u and 12?
3
Suppose 160 = 3*t - t. Let z = 50 - 30. Calculate the highest common divisor of z and t.
20
Let g be (12/14)/(-1)*(-6 + -1). Let i be (-6)/12 + 243/g. Calculate the greatest common factor of 20 and i.
20
Let t(j) = j**3 + j**2 - 2*j + 168. Let c be t(0). What is the highest common divisor of c and 24?
24
Suppose -3*h + 167 = 4*f + 16, -h + 5 = 0. Calculate the highest common divisor of f and 187.
17
Suppose i + 4*r - 50 = -r, -3*r = 6. Calculate the greatest common factor of 90 and i.
30
Suppose -9*q + 12766 + 4514 = 0. Calculate the highest common factor of q and 15.
15
Let v = 23 - 26. Let t be (((-2)/6)/(v/108))/1. What is the greatest common factor of 156 and t?
12
Suppose -76*i + 108*i - 864 = 0. What is the highest common divisor of 45 and i?
9
Let i(z) = 45*z - 15. Let k be i(2). What is the greatest common factor of k and 600?
75
Let h be -4 - (-32)/(1 + -3). Let u = -19 - h. Calculate the highest common divisor of 3 and u.
1
Suppose 1322 = 8*i - 1262. What is the greatest